{"id":989,"date":"2025-10-30T10:13:21","date_gmt":"2025-10-30T09:13:21","guid":{"rendered":"https:\/\/asenga.es\/asengait\/?page_id=989"},"modified":"2025-10-30T11:49:33","modified_gmt":"2025-10-30T10:49:33","slug":"aviso-legal","status":"publish","type":"page","link":"https:\/\/asenga.es\/asengait\/aviso-legal\/","title":{"rendered":"Aviso Legal"},"content":{"rendered":"\t\t<div data-elementor-type=\"wp-page\" data-elementor-id=\"989\" class=\"elementor elementor-989\" data-elementor-post-type=\"page\">\n\t\t\t\t<div class=\"elementor-element elementor-element-1a6e87f e-con-full e-flex e-con e-parent\" data-id=\"1a6e87f\" data-element_type=\"container\" data-settings=\"{&quot;background_background&quot;:&quot;classic&quot;}\">\n\t\t<div class=\"elementor-element elementor-element-a58438d e-con-full e-flex e-con e-child\" data-id=\"a58438d\" data-element_type=\"container\" data-settings=\"{&quot;background_background&quot;:&quot;classic&quot;}\">\n\t\t\t\t<div class=\"elementor-element elementor-element-9088e7c elementor-widget-mobile__width-auto elementor-hidden-mobile elementor-widget elementor-widget-image\" data-id=\"9088e7c\" data-element_type=\"widget\" data-widget_type=\"image.default\">\n\t\t\t\t\t\t\t\t\t\t\t\t\t\t\t\t<a href=\"https:\/\/asenga.es\/asengait\/\">\n\t\t\t\t\t\t\t<img decoding=\"async\" width=\"1\" height=\"1\" src=\"https:\/\/asenga.es\/asengait\/wp-content\/uploads\/2025\/10\/Logo-ASENGA-mono.svg\" class=\"attachment-large size-large wp-image-231\" alt=\"\" \/>\t\t\t\t\t\t\t\t<\/a>\n\t\t\t\t\t\t\t\t\t\t\t\t\t\t\t<\/div>\n\t\t\t\t<\/div>\n\t\t<div class=\"elementor-element elementor-element-c5c9fed e-con-full e-flex e-con e-child\" data-id=\"c5c9fed\" data-element_type=\"container\">\n\t\t\t\t<div class=\"elementor-element elementor-element-f316e41 elementor-widget__width-initial elementor-widget elementor-widget-heading\" data-id=\"f316e41\" data-element_type=\"widget\" data-widget_type=\"heading.default\">\n\t\t\t\t\t<h1 class=\"elementor-heading-title elementor-size-default\">Aviso Legal<\/h1>\t\t\t\t<\/div>\n\t\t\t\t<\/div>\n\t\t\t\t<\/div>\n\t\t<div class=\"elementor-element elementor-element-2b9ca8a e-flex e-con-boxed e-con e-parent\" data-id=\"2b9ca8a\" data-element_type=\"container\">\n\t\t\t\t\t<div class=\"e-con-inner\">\n\t\t\t\t<div class=\"elementor-element elementor-element-42c2acd elementor-widget__width-initial elementor-widget elementor-widget-text-editor\" data-id=\"42c2acd\" data-element_type=\"widget\" data-widget_type=\"text-editor.default\">\n\t\t\t\t\t\t\t\t\t<p>Esta web, por tanto, cumple rigurosamente con La Ley Org\u00e1nica 15\/1999, de 13 de diciembre, de Protecci\u00f3n de Datos de Car\u00e1cter Personal (LOPD), y con el Real Decreto 1720\/2007, de 21 de diciembre, conocido como el Reglamento de desarrollo de la LOPD. Cumple tambi\u00e9n con el Reglamento (UE) 2016\/679 del Parlamento Europeo y del Consejo de 27 de abril de 2016 relativo a la protecci\u00f3n de las personas f\u00edsicas (RGPD), as\u00ed como con la Ley 34\/2002, de 11 de julio, de Servicios de la Sociedad de la Informaci\u00f3n y Comercio Electr\u00f3nico (LSSICE \u00f3 LSSI).<\/p><p>TITULARIDAD DE LA WEB<\/p><ul><li>Identidad del Responsable: Jos\u00e9 Mar\u00eda Pozo (ASENGA LOG\u00cdSTICA))<\/li><li>Denominaci\u00f3n social: ASENGA LOG\u00cdSTICA, S.L.U.<\/li><li>NIF \/ CIF: B87596276<\/li><li>Domicilio social: Calle Hermanos Lumiere, 6. Pol. Ind. San Marcos. 28906 Getafe, Madrid<\/li><li>Tel\u00e9fono: <a href=\"tel:915330677\">915 330 677<\/a><\/li><li>E-mail: asenga@asenga.com<\/li><li>Finalidad de sitio web: informaci\u00f3n, mantenimiento de la relaci\u00f3n contractual con ASENGA LOG\u00cdSTICA, la gesti\u00f3n, administraci\u00f3n, prestaci\u00f3n, ampliaci\u00f3n y mejora de los servicios, as\u00ed como el env\u00edo por medios tradicionales y electr\u00f3nicos, de informaci\u00f3n operativa y comercial acerca de los productos y servicios ofrecidos por ASENGA LOG\u00cdSTICA, S.L.U.<\/li><\/ul><p>PROPIEDAD INTELECTUAL<\/p><p>El c\u00f3digo fuente, los dise\u00f1os gr\u00e1ficos, las im\u00e1genes, las animaciones, el software, los textos, as\u00ed como la informaci\u00f3n y los contenidos que se recogen en asenga.es son propiedad de ASENGA LOG\u00cdSTICA, S.L.U. y no se permite la reproducci\u00f3n y\/o publicaci\u00f3n, total o parcial, del sitio web, ni su tratamiento inform\u00e1tico, su distribuci\u00f3n, su comunicaci\u00f3n p\u00fablica, ni su modificaci\u00f3n o transformaci\u00f3n, sin el permiso previo y por escrito de ASENGA LOG\u00cdSTICA, S.L.U.<br \/>El usuario, \u00fanica y exclusivamente, puede utilizar el material que aparezca en este sitio web para su uso personal y privado, quedando prohibido su uso con fines comerciales o para incurrir en actividades contrarias a la ley.<\/p><p>CONDICIONES DE UTILIZACI\u00d3N DEL SITIO WEB<\/p><p>La utilizaci\u00f3n de la p\u00e1gina web\u00a0asenga.es\u00a0implica la aceptaci\u00f3n plena y sin reservas de todas y cada una de las disposiciones incluidas en este Aviso Legal y Pol\u00edtica de Privacidad en la versi\u00f3n publicada por ASENGA LOG\u00cdSTICA, S.L.U. en el momento mismo en que el Usuario acceda a la p\u00e1gina. En consecuencia, el usuario debe leer atentamente el presente Aviso Legal y Pol\u00edtica de Privacidad.<\/p><p>I) ASENGA LOG\u00cdSTICA, S.L.U. podr\u00e1 modificar o actualizar, sin previo aviso, la informaci\u00f3n contenida en su sitio web, as\u00ed como su configuraci\u00f3n, presentaci\u00f3n y condiciones de acceso.<\/p><p>II) ASENGA LOG\u00cdSTICA, S.L.U.no garantiza la inexistencia de interrupciones o errores en el acceso al web, en su contenido, ni que \u00e9ste se encuentre actualizado, aunque desarrollar\u00e1 sus mejores esfuerzos para, en su caso, evitarlos, subsanarlos o actualizarlos.<\/p><p>III) El Usuario se compromete a utilizar la p\u00e1gina web de conformidad con la ley y el presente Aviso Legal y Pol\u00edtica de Privacidad, as\u00ed como con la moral y las buenas costumbres generalmente aceptadas y el orden p\u00fablico.<\/p><p>IV) ASENGA LOG\u00cdSTICA, S.L.U. garantiza que todos los contenidos y servicios que se ofrecen en asenga.es respetan el principio de dignidad de la persona, el principio de no-discriminaci\u00f3n por motivos de raza, sexo, religi\u00f3n, opini\u00f3n, nacionalidad, discapacidad o cualquier otra circunstancia personal y social, as\u00ed como el principio de protecci\u00f3n de la juventud y de la infancia.<\/p><p>V) ASENGA LOG\u00cdSTICA, S.L.U. se compromete, a trav\u00e9s de este medio, a NO REALIZAR PUBLICIDAD ENGA\u00d1OSA.<br \/>No ser\u00e1n considerados como publicidad enga\u00f1osa los errores formales o num\u00e9ricos que puedan encontrarse a lo largo del contenido de las distintas secciones de la web. ASENGA LOG\u00cdSTICA, S.L.U. se compromete a corregirlo tan pronto como tenga conocimiento de dichos errores.<\/p><p>VI)ASENGA LOG\u00cdSTICA, S.L.U. se compromete a NO REMITIR COMUNICACIONES COMERCIALES SIN IDENTIFICARLAS COMO TALES, conforme a lo dispuesto en la Ley 34\/2002 de Servicios de la Sociedad de la Informaci\u00f3n y de comercio electr\u00f3nico.<br \/>No ser\u00e1 considerada como comunicaci\u00f3n comercial toda la informaci\u00f3n que se env\u00ede a los clientes de ASENGA LOG\u00cdSTICA, S.L.U. siempre que tenga por finalidad el mantenimiento de la relaci\u00f3n contractual existente entre cliente y ASENGA LOG\u00cdSTICA, S.L.U. as\u00ed como el desempe\u00f1o de tareas de informaci\u00f3n y otras actividades propias del servicio que el cliente tiene contratado con la empresa.<\/p><p>VII) ASENGA LOG\u00cdSTICA, S.L.U. y el usuario, con renuncia expresa a cualquier otro fuero, se someten al de los juzgados y tribunales del domicilio del usuario para cualquier controversia que pudiera derivarse del acceso a esta web. En el caso de que el usuario tenga su domicilio fuera de Espa\u00f1a, ASENGA LOG\u00cdSTICA, S.L.U. y el usuario se someten, con renuncia expresa a cualquier otro fuero, a los juzgados y tribunales de la ciudad de Madrid (Espa\u00f1a).<\/p><p>VIII) ASENGA LOG\u00cdSTICA, S.L.U. utiliza \u201ccookies\u201d en su p\u00e1gina, la navegaci\u00f3n por la web asenga.es\u00a0es an\u00f3nima, \u00fanicamente se registra informaci\u00f3n sobre el n\u00famero de visitas, horas, etc. en los ficheros hist\u00f3ricos o logs con fines exclusivamente estad\u00edsticos.<\/p>\t\t\t\t\t\t\t\t<\/div>\n\t\t\t\t\t<\/div>\n\t\t\t\t<\/div>\n\t\t<div class=\"elementor-element elementor-element-e4e010e e-con-full overlay-greenlight e-flex e-con e-parent\" data-id=\"e4e010e\" data-element_type=\"container\" data-settings=\"{&quot;background_background&quot;:&quot;classic&quot;}\">\n\t\t<div class=\"elementor-element elementor-element-313763f e-con-full e-flex e-con e-child\" data-id=\"313763f\" data-element_type=\"container\">\n\t\t<div class=\"elementor-element elementor-element-72beadd e-con-full e-flex e-con e-child\" data-id=\"72beadd\" data-element_type=\"container\">\n\t\t\t\t<div class=\"elementor-element elementor-element-e38bf50 elementor-widget__width-initial elementor-widget elementor-widget-heading\" data-id=\"e38bf50\" data-element_type=\"widget\" data-widget_type=\"heading.default\">\n\t\t\t\t\t<h6 class=\"elementor-heading-title elementor-size-default\">Contacto<\/h6>\t\t\t\t<\/div>\n\t\t\t\t<div class=\"elementor-element elementor-element-445f193 elementor-widget-divider--view-line elementor-widget elementor-widget-divider\" data-id=\"445f193\" data-element_type=\"widget\" data-widget_type=\"divider.default\">\n\t\t\t\t\t\t\t<div class=\"elementor-divider\">\n\t\t\t<span class=\"elementor-divider-separator\">\n\t\t\t\t\t\t<\/span>\n\t\t<\/div>\n\t\t\t\t\t\t<\/div>\n\t\t\t\t<div class=\"elementor-element elementor-element-e66029c elementor-widget__width-initial elementor-icon-list--layout-traditional elementor-list-item-link-full_width elementor-widget elementor-widget-icon-list\" data-id=\"e66029c\" data-element_type=\"widget\" data-widget_type=\"icon-list.default\">\n\t\t\t\t\t\t\t<ul class=\"elementor-icon-list-items\">\n\t\t\t\t\t\t\t<li class=\"elementor-icon-list-item\">\n\t\t\t\t\t\t\t\t\t\t\t<span class=\"elementor-icon-list-icon\">\n\t\t\t\t\t\t\t<svg xmlns=\"http:\/\/www.w3.org\/2000\/svg\" width=\"24\" height=\"24\" viewBox=\"0 0 24 24\" fill=\"none\"><g clip-path=\"url(#clip0_38_630)\"><path d=\"M5 17L2 23H22L19 17\" stroke=\"#5F6368\" stroke-width=\"2\" stroke-miterlimit=\"10\"><\/path><path d=\"M19 8C19 12.32 12 19.375 12 19.375C12 19.375 5 12.32 5 8C5 3.57 8.617 1 12 1C15.383 1 19 3.57 19 8Z\" stroke=\"#5F6368\" stroke-width=\"2\" stroke-miterlimit=\"10\" stroke-linecap=\"square\"><\/path><path d=\"M12 10C13.1046 10 14 9.10457 14 8C14 6.89543 13.1046 6 12 6C10.8954 6 10 6.89543 10 8C10 9.10457 10.8954 10 12 10Z\" stroke=\"#5F6368\" stroke-width=\"2\" stroke-miterlimit=\"10\" stroke-linecap=\"square\"><\/path><\/g><defs><clipPath id=\"clip0_38_630\"><rect width=\"24\" height=\"24\" fill=\"white\"><\/rect><\/clipPath><\/defs><\/svg>\t\t\t\t\t\t<\/span>\n\t\t\t\t\t\t\t\t\t\t<span class=\"elementor-icon-list-text\"><b>Asenga Log\u00edstica S.L.U.<\/b><br>\u2028Calle Hermanos Lumiere, 6\u2028Pol. Ind. San Marcos\u202828906 Getafe, Madrid<\/span>\n\t\t\t\t\t\t\t\t\t<\/li>\n\t\t\t\t\t\t\t\t<li class=\"elementor-icon-list-item\">\n\t\t\t\t\t\t\t\t\t\t\t<span class=\"elementor-icon-list-icon\">\n\t\t\t\t\t\t\t<svg xmlns=\"http:\/\/www.w3.org\/2000\/svg\" width=\"24\" height=\"24\" viewBox=\"0 0 24 24\" fill=\"none\"><path d=\"M15.3079 14.1884L13.1669 16.3004C12.0504 15.6272 11.0132 14.8306 10.0749 13.9254C9.17114 12.9855 8.37459 11.9482 7.69989 10.8324L9.80989 8.69142C9.93769 8.56164 10.024 8.39679 10.0578 8.21783C10.0917 8.03887 10.0715 7.85388 9.99989 7.68642L7.79989 2.55842C7.71298 2.35622 7.55632 2.19197 7.35845 2.0956C7.16058 1.99924 6.93467 1.97717 6.72189 2.03342L2.68789 3.10042C2.48644 3.15264 2.30868 3.27169 2.1837 3.4381C2.05871 3.6045 1.99391 3.80839 1.99989 4.01642C2.25657 8.70819 4.20734 13.1474 7.48989 16.5094C10.8526 19.793 15.2929 21.7442 19.9859 22.0004C20.1941 22.0074 20.3985 21.9431 20.5652 21.8182C20.732 21.6933 20.8511 21.5152 20.9029 21.3134L21.9689 17.2774C22.0254 17.0648 22.0036 16.8389 21.9074 16.641C21.8112 16.443 21.647 16.2863 21.4449 16.1994L16.3159 14.0004C16.1483 13.9278 15.9628 13.9069 15.7832 13.9404C15.6036 13.9739 15.4381 14.0602 15.3079 14.1884Z\" stroke=\"#5F6368\" stroke-width=\"2\" stroke-miterlimit=\"10\" stroke-linecap=\"square\"><\/path><\/svg>\t\t\t\t\t\t<\/span>\n\t\t\t\t\t\t\t\t\t\t<span class=\"elementor-icon-list-text\"><b>915 330 677 <\/b><br>Lunes - Viernes\u202808:15 - 18:00<\/span>\n\t\t\t\t\t\t\t\t\t<\/li>\n\t\t\t\t\t\t\t\t<li class=\"elementor-icon-list-item\">\n\t\t\t\t\t\t\t\t\t\t\t<span class=\"elementor-icon-list-icon\">\n\t\t\t\t\t\t\t<svg xmlns=\"http:\/\/www.w3.org\/2000\/svg\" width=\"24\" height=\"24\" viewBox=\"0 0 24 24\" fill=\"none\"><path d=\"M1 13V19C1 19.5304 1.21071 20.0391 1.58579 20.4142C1.96086 20.7893 2.46957 21 3 21H21C21.5304 21 22.0391 20.7893 22.4142 20.4142C22.7893 20.0391 23 19.5304 23 19V13\" stroke=\"#5F6368\" stroke-width=\"2\" stroke-miterlimit=\"10\" stroke-linecap=\"square\"><\/path><path d=\"M23 8V5C23 4.46957 22.7893 3.96086 22.4142 3.58579C22.0391 3.21071 21.5304 3 21 3H3C2.46957 3 1.96086 3.21071 1.58579 3.58579C1.21071 3.96086 1 4.46957 1 5V8L12 14L23 8Z\" stroke=\"#5F6368\" stroke-width=\"2\" stroke-miterlimit=\"10\" stroke-linecap=\"square\"><\/path><\/svg>\t\t\t\t\t\t<\/span>\n\t\t\t\t\t\t\t\t\t\t<span class=\"elementor-icon-list-text\">\u00a0asenga@asenga.com<\/span>\n\t\t\t\t\t\t\t\t\t<\/li>\n\t\t\t\t\t\t<\/ul>\n\t\t\t\t\t\t<\/div>\n\t\t\t\t<\/div>\n\t\t<div class=\"elementor-element elementor-element-f630cc3 e-con-full e-flex e-con e-child\" data-id=\"f630cc3\" data-element_type=\"container\">\n\t\t\t\t<div class=\"elementor-element elementor-element-2eb2a78 elementor-widget__width-initial elementor-widget elementor-widget-heading\" data-id=\"2eb2a78\" data-element_type=\"widget\" data-widget_type=\"heading.default\">\n\t\t\t\t\t<h6 class=\"elementor-heading-title elementor-size-default\">S\u00edguenos en<\/h6>\t\t\t\t<\/div>\n\t\t\t\t<div class=\"elementor-element elementor-element-da9b4d7 elementor-widget-divider--view-line elementor-widget elementor-widget-divider\" data-id=\"da9b4d7\" data-element_type=\"widget\" data-widget_type=\"divider.default\">\n\t\t\t\t\t\t\t<div class=\"elementor-divider\">\n\t\t\t<span class=\"elementor-divider-separator\">\n\t\t\t\t\t\t<\/span>\n\t\t<\/div>\n\t\t\t\t\t\t<\/div>\n\t\t<div class=\"elementor-element elementor-element-69b33da e-con-full e-flex e-con e-child\" data-id=\"69b33da\" data-element_type=\"container\">\n\t\t\t\t<div class=\"elementor-element elementor-element-ea477a5 elementor-widget elementor-widget-image\" data-id=\"ea477a5\" data-element_type=\"widget\" data-widget_type=\"image.default\">\n\t\t\t\t\t\t\t\t\t\t\t\t\t\t\t<img decoding=\"async\" width=\"1\" height=\"1\" src=\"https:\/\/asenga.es\/asengait\/wp-content\/uploads\/2025\/10\/Button-Instagram.svg\" class=\"attachment-large size-large wp-image-677\" alt=\"\" \/>\t\t\t\t\t\t\t\t\t\t\t\t\t\t\t<\/div>\n\t\t\t\t<div class=\"elementor-element elementor-element-712e269 elementor-widget elementor-widget-image\" data-id=\"712e269\" data-element_type=\"widget\" data-widget_type=\"image.default\">\n\t\t\t\t\t\t\t\t\t\t\t\t\t\t\t<img decoding=\"async\" width=\"1\" height=\"1\" src=\"https:\/\/asenga.es\/asengait\/wp-content\/uploads\/2025\/10\/logo-facebook.svg\" class=\"attachment-large size-large wp-image-678\" alt=\"\" \/>\t\t\t\t\t\t\t\t\t\t\t\t\t\t\t<\/div>\n\t\t\t\t<div class=\"elementor-element elementor-element-3f16f6d elementor-widget elementor-widget-image\" data-id=\"3f16f6d\" data-element_type=\"widget\" data-widget_type=\"image.default\">\n\t\t\t\t\t\t\t\t\t\t\t\t\t\t\t<img loading=\"lazy\" decoding=\"async\" width=\"1\" height=\"1\" src=\"https:\/\/asenga.es\/asengait\/wp-content\/uploads\/2025\/10\/logo-linkedin.svg\" class=\"attachment-large size-large wp-image-679\" alt=\"\" \/>\t\t\t\t\t\t\t\t\t\t\t\t\t\t\t<\/div>\n\t\t\t\t<\/div>\n\t\t\t\t<\/div>\n\t\t<div class=\"elementor-element elementor-element-0295595 e-con-full e-flex e-con e-child\" data-id=\"0295595\" data-element_type=\"container\">\n\t\t\t\t<\/div>\n\t\t<div class=\"elementor-element elementor-element-5711306 e-con-full e-flex e-con e-child\" data-id=\"5711306\" data-element_type=\"container\">\n\t\t\t\t<div class=\"elementor-element elementor-element-017a25e elementor-widget elementor-widget-image\" data-id=\"017a25e\" data-element_type=\"widget\" data-widget_type=\"image.default\">\n\t\t\t\t\t\t\t\t\t\t\t\t\t\t\t<img decoding=\"async\" width=\"1\" height=\"1\" src=\"https:\/\/asenga.es\/asengait\/wp-content\/uploads\/2025\/10\/Logo-ASENGA-mono.svg\" class=\"attachment-large size-large wp-image-231\" alt=\"\" \/>\t\t\t\t\t\t\t\t\t\t\t\t\t\t\t<\/div>\n\t\t\t\t<\/div>\n\t\t\t\t<\/div>\n\t\t<div class=\"elementor-element elementor-element-740d2d1 e-con-full e-flex e-con e-child\" data-id=\"740d2d1\" data-element_type=\"container\">\n\t\t\t\t<div class=\"elementor-element elementor-element-878f905 elementor-widget elementor-widget-text-editor\" data-id=\"878f905\" data-element_type=\"widget\" data-widget_type=\"text-editor.default\">\n\t\t\t\t\t\t\t\t\t<p>ASENGA \u00a92025 Todos los derechos reservados<\/p>\t\t\t\t\t\t\t\t<\/div>\n\t\t\t\t<div class=\"elementor-element elementor-element-56ee2c0 elementor-nav-menu--dropdown-tablet elementor-nav-menu__text-align-aside elementor-nav-menu--toggle elementor-nav-menu--burger elementor-widget elementor-widget-nav-menu\" data-id=\"56ee2c0\" data-element_type=\"widget\" data-settings=\"{&quot;layout&quot;:&quot;horizontal&quot;,&quot;submenu_icon&quot;:{&quot;value&quot;:&quot;&lt;svg aria-hidden=\\&quot;true\\&quot; class=\\&quot;e-font-icon-svg e-fas-caret-down\\&quot; viewBox=\\&quot;0 0 320 512\\&quot; xmlns=\\&quot;http:\\\/\\\/www.w3.org\\\/2000\\\/svg\\&quot;&gt;&lt;path d=\\&quot;M31.3 192h257.3c17.8 0 26.7 21.5 14.1 34.1L174.1 354.8c-7.8 7.8-20.5 7.8-28.3 0L17.2 226.1C4.6 213.5 13.5 192 31.3 192z\\&quot;&gt;&lt;\\\/path&gt;&lt;\\\/svg&gt;&quot;,&quot;library&quot;:&quot;fa-solid&quot;},&quot;toggle&quot;:&quot;burger&quot;}\" data-widget_type=\"nav-menu.default\">\n\t\t\t\t\t\t\t\t<nav aria-label=\"Menu\" class=\"elementor-nav-menu--main elementor-nav-menu__container elementor-nav-menu--layout-horizontal e--pointer-none\">\n\t\t\t\t<ul id=\"menu-1-56ee2c0\" class=\"elementor-nav-menu\"><li class=\"menu-item menu-item-type-post_type menu-item-object-page menu-item-1041\"><a href=\"https:\/\/asenga.es\/asengait\/aviso-legal\/\" class=\"elementor-item\">Aviso Legal<\/a><\/li>\n<li class=\"menu-item menu-item-type-post_type menu-item-object-page menu-item-privacy-policy menu-item-1040\"><a rel=\"privacy-policy\" href=\"https:\/\/asenga.es\/asengait\/politica-de-privacidad\/\" class=\"elementor-item\">Pol\u00edtica de privacidad<\/a><\/li>\n<li class=\"menu-item menu-item-type-post_type menu-item-object-page menu-item-1043\"><a href=\"https:\/\/asenga.es\/asengait\/politica-de-cookies-ue\/\" class=\"elementor-item\">Pol\u00edtica de cookies (UE)<\/a><\/li>\n<\/ul>\t\t\t<\/nav>\n\t\t\t\t\t<div class=\"elementor-menu-toggle\" role=\"button\" tabindex=\"0\" aria-label=\"Alternar men\u00fa\" aria-expanded=\"false\">\n\t\t\t<svg aria-hidden=\"true\" role=\"presentation\" class=\"elementor-menu-toggle__icon--open e-font-icon-svg e-eicon-menu-bar\" viewBox=\"0 0 1000 1000\" xmlns=\"http:\/\/www.w3.org\/2000\/svg\"><path d=\"M104 333H896C929 333 958 304 958 271S929 208 896 208H104C71 208 42 237 42 271S71 333 104 333ZM104 583H896C929 583 958 554 958 521S929 458 896 458H104C71 458 42 487 42 521S71 583 104 583ZM104 833H896C929 833 958 804 958 771S929 708 896 708H104C71 708 42 737 42 771S71 833 104 833Z\"><\/path><\/svg><svg aria-hidden=\"true\" role=\"presentation\" class=\"elementor-menu-toggle__icon--close e-font-icon-svg e-eicon-close\" viewBox=\"0 0 1000 1000\" xmlns=\"http:\/\/www.w3.org\/2000\/svg\"><path d=\"M742 167L500 408 258 167C246 154 233 150 217 150 196 150 179 158 167 167 154 179 150 196 150 212 150 229 154 242 171 254L408 500 167 742C138 771 138 800 167 829 196 858 225 858 254 829L496 587 738 829C750 842 767 846 783 846 800 846 817 842 829 829 842 817 846 804 846 783 846 767 842 750 829 737L588 500 833 258C863 229 863 200 833 171 804 137 775 137 742 167Z\"><\/path><\/svg>\t\t<\/div>\n\t\t\t\t\t<nav class=\"elementor-nav-menu--dropdown elementor-nav-menu__container\" aria-hidden=\"true\">\n\t\t\t\t<ul id=\"menu-2-56ee2c0\" class=\"elementor-nav-menu\"><li class=\"menu-item menu-item-type-post_type menu-item-object-page menu-item-1041\"><a href=\"https:\/\/asenga.es\/asengait\/aviso-legal\/\" class=\"elementor-item\" tabindex=\"-1\">Aviso Legal<\/a><\/li>\n<li class=\"menu-item menu-item-type-post_type menu-item-object-page menu-item-privacy-policy menu-item-1040\"><a rel=\"privacy-policy\" href=\"https:\/\/asenga.es\/asengait\/politica-de-privacidad\/\" class=\"elementor-item\" tabindex=\"-1\">Pol\u00edtica de privacidad<\/a><\/li>\n<li class=\"menu-item menu-item-type-post_type menu-item-object-page menu-item-1043\"><a href=\"https:\/\/asenga.es\/asengait\/politica-de-cookies-ue\/\" class=\"elementor-item\" tabindex=\"-1\">Pol\u00edtica de cookies (UE)<\/a><\/li>\n<\/ul>\t\t\t<\/nav>\n\t\t\t\t\t\t<\/div>\n\t\t\t\t<\/div>\n\t\t\t\t<\/div>\n\t\t\t\t<\/div>\n\t\t","protected":false},"excerpt":{"rendered":"<p>Esta web, por tanto, cumple rigurosamente con La Ley Org\u00e1nica 15\/1999, de 13 de diciembre, de Protecci\u00f3n de Datos de Car\u00e1cter Personal (LOPD), y con el Real Decreto 1720\/2007, de 21 de diciembre, conocido como el Reglamento de desarrollo de la LOPD. Cumple tambi\u00e9n con el Reglamento (UE) 2016\/679 del Parlamento Europeo y del Consejo [&hellip;]<\/p>\n","protected":false},"author":1,"featured_media":0,"parent":0,"menu_order":0,"comment_status":"closed","ping_status":"closed","template":"elementor_canvas","meta":{"_joinchat":[],"footnotes":""},"class_list":["post-989","page","type-page","status-publish","hentry"],"_links":{"self":[{"href":"https:\/\/asenga.es\/asengait\/wp-json\/wp\/v2\/pages\/989","targetHints":{"allow":["GET"]}}],"collection":[{"href":"https:\/\/asenga.es\/asengait\/wp-json\/wp\/v2\/pages"}],"about":[{"href":"https:\/\/asenga.es\/asengait\/wp-json\/wp\/v2\/types\/page"}],"author":[{"embeddable":true,"href":"https:\/\/asenga.es\/asengait\/wp-json\/wp\/v2\/users\/1"}],"replies":[{"embeddable":true,"href":"https:\/\/asenga.es\/asengait\/wp-json\/wp\/v2\/comments?post=989"}],"version-history":[{"count":31,"href":"https:\/\/asenga.es\/asengait\/wp-json\/wp\/v2\/pages\/989\/revisions"}],"predecessor-version":[{"id":1053,"href":"https:\/\/asenga.es\/asengait\/wp-json\/wp\/v2\/pages\/989\/revisions\/1053"}],"wp:attachment":[{"href":"https:\/\/asenga.es\/asengait\/wp-json\/wp\/v2\/media?parent=989"}],"curies":[{"name":"wp","href":"https:\/\/api.w.org\/{rel}","templated":true}]}}